, 1480517
What are the prime factors of 267654?
2, 3, 31, 1439
What are the prime factors of 21721939?
21721939
List the prime factors of 146562.
2, 3, 13, 1879
What are the prime factors of 10751712?
2, 3, 111997
What are the prime factors of 483205?
5, 241, 401
List the prime factors of 50528.
2, 1579
List the prime factors of 239323.
7, 179, 191
List the prime factors of 2850.
2, 3, 5, 19
List the prime factors of 1622984.
2, 11, 18443
What are the prime factors of 6746162?
2, 383, 8807
List the prime factors of 5091474.
2, 3, 848579
List the prime factors of 400788.
2, 3, 1237
List the prime factors of 38580814.
2, 239, 80713
List the prime factors of 21564696.
2, 3, 19, 131
List the prime factors of 1348259.
11, 19, 6451
List the prime factors of 185127.
3, 23, 2683
List the prime factors of 485436.
2, 3, 7, 5779
List the prime factors of 8742844.
2, 11, 198701
What are the prime factors of 15861529?
379, 41851
List the prime factors of 374759.
7, 11, 31, 157
What are the prime factors of 146604?
2, 3, 19, 643
What are the prime factors of 1359132?
2, 3, 53, 2137
What are the prime factors of 1057969?
11, 96179
List the prime factors of 1179575.
5, 29, 1627
What are the prime factors of 15137275?
5, 29, 20879
What are the prime factors of 47000?
2, 5, 47
List the prime factors of 3429261.
3, 11, 47, 67
What are the prime factors of 2780?
2, 5, 139
List the prime factors of 157827.
3, 52609
What are the prime factors of 5809585?
5, 83, 13999
What are the prime factors of 3126977?
7, 103, 4337
What are the prime factors of 1388754?
2, 3, 77153
List the prime factors of 212255.
5, 42451
What are the prime factors of 1272330?
2, 3, 5, 67, 211
List the prime factors of 1001669.
1001669
List the prime factors of 10990.
2, 5, 7, 157
List the prime factors of 1065502.
2, 532751
List the prime factors of 397285.
5, 7, 11351
List the prime factors of 595064.
2, 74383
What are the prime factors of 21819506?
2, 163, 66931
List the prime factors of 136252.
2, 23, 1481
List the prime factors of 361578.
2, 3, 7, 8609
What are the prime factors of 1662829?
7, 237547
What are the prime factors of 6268866?
2, 3, 1044811
What are the prime factors of 3222195?
3, 5, 113, 1901
List the prime factors of 475632.
2, 3, 367
List the prime factors of 272025.
3, 5, 13, 31
List the prime factors of 4057827.
3, 37, 139, 263
List the prime factors of 454417.
454417
What are the prime factors of 168765?
3, 5, 11251
List the prime factors of 881184.
2, 3, 67, 137
List the prime factors of 2955332.
2, 29, 73, 349
What are the prime factors of 165485?
5, 23, 1439
What are the prime factors of 21718046?
2, 7, 1551289
What are the prime factors of 13177437?
3, 7, 13, 47, 79
List the prime factors of 27389580.
2, 3, 5, 269, 1697
List the prime factors of 296584.
2, 131, 283
List the prime factors of 1674154.
2, 837077
List the prime factors of 840773.
683, 1231
List the prime factors of 4174916.
2, 47, 53, 419
List the prime factors of 29044.
2, 53, 137
What are the prime factors of 3743212?
2, 11, 241, 353
List the prime factors of 163913.
19, 8627
List the prime factors of 12305874.
2, 3, 7, 23, 12739
What are the prime factors of 3659434?
2, 1829717
List the prime factors of 621136.
2, 38821
List the prime factors of 784240.
2, 5, 9803
What are the prime factors of 308353?
43, 71, 101
List the prime factors of 37721.
67, 563
List the prime factors of 1033508.
2, 7, 5273
What are the prime factors of 570541?
337, 1693
List the prime factors of 38389661.
1013, 37897
List the prime factors of 10954770.
2, 3, 5, 365159
What are the prime factors of 220555?
5, 44111
List the prime factors of 2311269.
3, 17, 45319
List the prime factors of 1379594.
2, 689797
List the prime factors of 1598735.
5, 319747
What are the prime factors of 157644?
2, 3, 29, 151
List the prime factors of 6321682.
2, 3160841
What are the prime factors of 2030400?
2, 3, 5, 47
What are the prime factors of 581962?
2, 43, 67, 101
What are the prime factors of 3926372?
2, 241, 4073
List the prime factors of 189338.
2, 41, 2309
What are the prime factors of 3027523?
3027523
What are the prime factors of 591078?
2, 3, 29, 43, 79
What are the prime factors of 2061931?
41, 50291
What are the prime factors of 75842?
2, 13, 2917
What are the prime factors of 1900094?
2, 7, 135721
What are the prime factors of 945048?
2, 3, 13, 233
What are the prime factors of 481087?
481087
What are the prime factors of 988109?
988109
List the prime factors of 412206.
2, 3, 23, 29, 103
List the prime factors of 18170423.
18170423
What are the prime factors of 199505?
5, 39901
What are the prime factors of 3041694?
2, 3, 29, 5827
List the prime factors of 904106.
2, 7, 64579
What are the prime factors of 431668?
2, 311, 347
What are the prime factors of 265619?
265619
What are the prime factors of 31622099?
19, 109, 15269
List the prime factors of 13955250.
2, 3, 5, 23, 809
List the prime factors of 627246.
2, 3, 34847
List the prime factors of 834910.
2, 5, 29, 2879
What are the prime factors of 341812?
2, 85453
What are the prime factors of 248621?
248621
What are the prime factors of 205023?
3, 7, 13, 751
What are the prime factors of 571936?
2, 61, 293
What are the prime factors of 78604?
2, 43, 457
What are the prime factors of 1243381?
79, 15739
List the prime factors of 1433811.
3, 41, 11657
What are the prime factors of 5486172?
2, 3, 17, 26893
List the prime factors of 739407.
3, 246469
List the prime factors of 2901179.
149, 19471
List the prime factors of 952803.
3, 1307
List the prime factors of 212211.
3, 17, 19, 73
List the prime factors of 274977.
3, 30553
What are the prime factors of 221767?
7, 13, 2437
What are the prime factors of 153039?
3, 139, 367
List the prime factors of 9085136.
2, 233, 2437
List the prime factors of 89821.
89821
What are the prime factors of 406453?
17, 23909
What are the prime factors of 1281488?
2, 13, 61, 101
List the prime factors of 289.
17
List the prime factors of 11021874.
2, 3, 1836979
List the prime factors of 8264392.
2, 19, 54371
What are the prime factors of 1146083?
1146083
What are the prime factors of 1600537?
1600537
List the prime factors of 156704.
2, 59, 83
What are the prime factors of 323244?
2, 3, 41, 73
What are the prime factors of 754882?
2, 587, 643
List the prime factors of 7298124.
2, 3, 608177
List the prime factors of 877457.
7, 103, 1217
List the prime factors of 177287.
11, 71, 227
List the prime factors of 20482547.
20482547
What are the prime factors of 542628?
2, 3, 15073
List the prime factors of 162657.
3, 11, 31, 53
List the prime factors of 7251346.
2, 941, 3853
List the prime factors of 3543422.
2, 59, 30029
List the prime factors of 140118.
2, 3, 11, 193
What are the prime factors of 318487?
13, 24499
List the prime factors of 1909104.
2, 3, 31, 1283
What are the prime factors of 284304?
2, 3, 5923
What are the prime factors of 12793563?
3, 211, 6737
What are the prime factors of 11919811?
47, 253613
What are the prime factors of 1367613?
3, 13, 11689
What are the prime factors of 1832831?
7, 11, 13, 1831
What are the prime factors of 13806550?
2, 5, 17, 37, 439
What are the prime factors of 618433?
83, 7451
List the prime factors of 138497.
138497
What are the prime factors of 671234?
2, 29, 71, 163
What are the prime factors of 157704?
2, 3, 6571
List the prime factors of 510124.
2, 73, 1747
What are the prime factors of 3283934?
2, 179, 9173
What are the prime factors of 18322716?
2, 3, 967, 1579
List the prime factors of 1919172.
2, 3, 159931
What are the prime factors of 368268?
2, 3, 30689
List the prime factors of 210517.
131, 1607
What are the prime factors of 638005?
5, 127601
What are the prime factors of 2965334?
2, 601, 2467
List the prime factors of 15380806.
2, 7, 3203
List the prime factors of 23103531.
3, 11, 109, 2141
What are the prime factors of 1820701?
1820701
What are the prime factors of 901580?
2, 5, 61, 739
What are the prime factors of 1209079?
1209079
What are the prime factors of 430224?
2, 3, 8963
List the prime factors of 19047390.
2, 3, 5, 179, 3547
List the prime factors of 2471337.
3, 11, 53, 157
List the prime factors of 5582789.
19, 293831
What are the prime factors of 577911?
3, 192637
List the prime factor